151?
5
What is the hundred thousands digit of 86700495?
7
What is the millions digit of 889720002?
9
What is the hundred millions digit of 1446387948?
4
What is the millions digit of 162958732?
2
What is the ten thousands digit of 84606692?
0
What is the hundred millions digit of 1237389631?
2
What is the thousands digit of 1113779600?
9
What is the units digit of 2509795495?
5
What is the ten thousands digit of 1276243134?
4
What is the ten millions digit of 3474595423?
7
What is the millions digit of 527228011?
7
What is the tens digit of 210668127?
2
What is the millions digit of 670052360?
0
What is the hundreds digit of 43369406?
4
What is the tens digit of 161088305?
0
What is the thousands digit of 130395639?
5
What is the thousands digit of 65473827?
3
What is the millions digit of 1848337329?
8
What is the hundred thousands digit of 176697943?
6
What is the units digit of 53778014?
4
What is the hundreds digit of 4349492?
4
What is the hundred thousands digit of 992843974?
8
What is the thousands digit of 4979920?
9
What is the units digit of 88452758?
8
What is the hundreds digit of 175043862?
8
What is the ten millions digit of 44110699?
4
What is the thousands digit of 454118321?
8
What is the billions digit of 3926125387?
3
What is the millions digit of 59389411?
9
What is the hundred thousands digit of 208870315?
8
What is the ten thousands digit of 365324699?
2
What is the ten millions digit of 514573571?
1
What is the millions digit of 1187048522?
7
What is the units digit of 24144019?
9
What is the hundred thousands digit of 645769409?
7
What is the ten thousands digit of 208976796?
7
What is the ten millions digit of 544324364?
4
What is the thousands digit of 130618421?
8
What is the hundreds digit of 472944915?
9
What is the tens digit of 47588929?
2
What is the hundred millions digit of 1071514370?
0
What is the millions digit of 36344009?
6
What is the tens digit of 21185441?
4
What is the units digit of 19020740?
0
What is the hundreds digit of 50469211?
2
What is the billions digit of 2790699681?
2
What is the hundred millions digit of 126850045?
1
What is the hundred thousands digit of 296826476?
8
What is the hundred thousands digit of 819787641?
7
What is the hundred millions digit of 125283041?
1
What is the millions digit of 566288276?
6
What is the hundreds digit of 4224562?
5
What is the hundred thousands digit of 128777041?
7
What is the units digit of 80327784?
4
What is the units digit of 176935910?
0
What is the ten millions digit of 60873201?
6
What is the ten millions digit of 300955908?
0
What is the hundreds digit of 269666373?
3
What is the millions digit of 60893906?
0
What is the hundred millions digit of 282338776?
2
What is the tens digit of 7889128?
2
What is the millions digit of 78861731?
8
What is the hundreds digit of 100433810?
8
What is the hundreds digit of 884119651?
6
What is the tens digit of 258605690?
9
What is the ten millions digit of 2901700829?
0
What is the hundreds digit of 483913451?
4
What is the units digit of 1028993728?
8
What is the hundred thousands digit of 95725761?
7
What is the hundred millions digit of 936749450?
9
What is the hundreds digit of 452906421?
4
What is the hundred millions digit of 1503743974?
5
What is the millions digit of 3835236547?
5
What is the ten millions digit of 576437233?
7
What is the hundred thousands digit of 49179550?
1
What is the millions digit of 3007860052?
7
What is the units digit of 2837888901?
1
What is the units digit of 4015053225?
5
What is the ten millions digit of 21644368?
2
What is the hundred thousands digit of 517353016?
3
What is the units digit of 49627025?
5
What is the ten thousands digit of 1037117005?
1
What is the hundred millions digit of 529898701?
5
What is the units digit of 38440826?
6
What is the hundred thousands digit of 10675681?
6
What is the millions digit of 183940759?
3
What is the ten millions digit of 48906167?
4
What is the millions digit of 106347490?
6
What is the tens digit of 287301819?
1
What is the units digit of 462753527?
7
What is the ten thousands digit of 14587957?
8
What is the millions digit of 6805865?
6
What is the thousands digit of 38527719?
7
What is the thousands digit of 33786138?
6
What is the ten millions digit of 256249573?
5
What is the tens digit of 246486444?
4
What is the hundred millions digit of 1725915394?
7
What is the thousands digit of 930600926?
0
What is the millions digit of 5117217239?
7
What is the ten millions digit of 98116116?
9
What is the thousands digit of 2858319614?
9
What is the ten millions digit of 66973763?
6
What is the thousands digit of 7874900?
4
What is the ten thousands digit of 1741645606?
4
What is the ten millions digit of 385776459?
8
What is the hundreds digit of 4504059734?
7
What is the thousands digit of 40789063?
9
What is the units digit of 75241228?
8
What is the millions digit of 2752255910?
2
What is the units digit of 70372814?
4
What is the millions digit of 110572576?
0
What is the ten thousands digit of 70287204?
8
What is the tens digit of 82568173?
7
What is the hundred thousands digit of 45186728?
1
What is the ten millions digit of 202784790?
0
What is the thousands digit of 877815176?
5
What is the hundred thousands digit of 4097691695?
6
What is the hundred millions digit of 231042561?
2
What is the ten thousands digit of 8558213072?
1
What is the ten thousands digit of 129362002?
6
What is the tens digit of 137951274?
7
What is the ten millions digit of 1236259609?
3
What is the thousands digit of 53694359?
4
What is the thousands digit of 4168357?
8
What is the millions digit of 39340127?
9
What is the hundreds digit of 260676610?
6
What is the thousands digit of 203306078?
6
What is the ten millions digit of 2615021179?
1
What is the thousands digit of 527343388?
3
What is the tens digit of 914230158?
5
What is the ten millions digit of 324072542?
2
What is the millions digit of 2742346867?
2
What is the ten millions digit of 45122786?
4
What is the thousands digit of 3598953060?
3
What is the units digit of 1480119361?
1
What is the hundred thousands digit of 46111017?
1
What is the hundred thousands digit of 114732256?
7
What is the thousands digit of 262961364?
1
What is the ten millions digit of 75808573?
7
What is the units digit of 49006806?
6
What is the billions digit of 5124431241?
5
What is the units digit of 424783406?
6
What is the ten millions digit of 6207407215?
0
What is the units digit of 110933289?
9
What is the ten millions digit of 350249765?
5
What is the hundreds digit of 441725889?
8
What is the units digit of 1478072464?
4
What is the hundred thousands digit of 132207422?
2
What is the ten thousands digit of 127352299?
5
What is the hundred thousands digit of 360994133?
9
What is the ten millions digit of 2675276462?
7
What is the ten thousands digit of 178200810?
0
What is the ten thousands digit of 42916042?
1
What is the ten thousands digit of 3431567?
3
What is the ten thousands digit of 168317087?
1
What is the hundred thousands digit of 85939625?
9
What is the units digit of 48519493?
3
What is the hundreds digit of 99257849?
8
What is the units digit of 39628969?
9
What is the thousands digit of 32844877?
4
What is the hundreds digit of 8909717?
7
What is the millions digit of 60419963?
0
What is the millions digit of 28135397?
8
What is the ten millions digit of 430165375?
3
What is the millions digit of 146983805?
6
What is the ten thousands digit of 592615007?
1
What is the hundreds digit of 11788950?
9
What is the thousands digit of 136112320?
2
What is the tens digit of 264148039?
3
What is the hundreds digit of 4827097759?
7
What is the hundred thousands digit of 37621438?
6
What is the ten millions digit of 242942223?
4
What is the ten millions digit of 1500282004?
0
What is the millions digit of 52313315?
2
What is the thousands digit of 4799950?
9
What is the millions digit of 357254549?
7
What is the tens digit of 3155256019?
1
What is the units digit of 1358880447?
7
What is the hundred millions digit of 4828204342?
8
What is the thousands digit of 29889632?
9
What is the millions digit of 4228269?
4
What is the millions digit of 134342698?
4
What is the hundred millions digit